 what is 114391 - -11?
114402
In base 8, what is -2044450 + -4?
-2044454
In base 16, what is 8 + -2f9?
-2f1
In base 3, what is -1120 - 110112021?
-110120211
In base 13, what is 7629c7 - 1?
7629c6
In base 6, what is -124 + -420?
-544
In base 9, what is -1108 + 50?
-1048
In base 14, what is 5582 + -1b?
5565
In base 3, what is 211201 - 112201?
22000
In base 16, what is 4129 - 0?
4129
In base 8, what is -232 + 1232?
1000
In base 11, what is -209 - 3768?
-3976
In base 15, what is -38 + -291?
-2c9
In base 9, what is -73 - 11407?
-11481
In base 13, what is -697 + -8c8?
-1292
In base 13, what is b2725 + -2?
b2723
In base 6, what is 1 + 23452224?
23452225
In base 13, what is -147 - -9?
-13b
In base 5, what is 4 + -34430?
-34421
In base 3, what is 1 - -20120200?
20120201
In base 9, what is 1 + -320368?
-320367
In base 11, what is 1a7 - -117?
313
In base 12, what is 7125 - -1?
7126
In base 14, what is -3 + d70d?
d70a
In base 16, what is -30f6 + 2?
-30f4
In base 10, what is -8 - -2207?
2199
In base 14, what is -841497 - -5?
-841492
In base 16, what is -14d + b4?
-99
In base 3, what is 101022 + 20221220?
21100012
In base 5, what is 3344300 + 10?
3344310
In base 2, what is 111010111110100 - -100110?
111011000011010
In base 15, what is 9587 + 1?
9588
In base 8, what is -4 - 27435?
-27441
In base 10, what is 764 - -9?
773
In base 15, what is 8 - -2a5?
2ad
In base 14, what is -3 - -1051c?
10519
In base 5, what is 31014 + 1033?
32102
In base 7, what is 35 + -131301?
-131233
In base 9, what is -2688 - -3?
-2685
In base 10, what is -281 + -14183?
-14464
In base 9, what is 17 + -10167?
-10150
In base 9, what is 4 + 234860?
234864
In base 15, what is d584 + -2?
d582
In base 15, what is -aa74b + 3?
-aa748
In base 7, what is -344035 - -3?
-344032
In base 3, what is -12 - -1112210210?
1112210121
In base 8, what is -213760 + 5?
-213753
In base 12, what is -661b + 17?
-6604
In base 2, what is 1010111000001010 + 1100?
1010111000010110
In base 14, what is 3595 + -b2?
34c3
In base 16, what is -2898f + -1?
-28990
In base 2, what is 10000111101000111 + -1?
10000111101000110
In base 14, what is -d3 + 8b7?
7c4
In base 2, what is 1010011110011010101001 - 10?
1010011110011010100111
In base 9, what is -5165 + 137?
-5027
In base 9, what is -2 - 47423?
-47425
In base 2, what is -1 + -11010001101101000111?
-11010001101101001000
In base 4, what is -2011 + 12310?
10233
In base 8, what is 53 - 142601?
-142526
In base 11, what is -20a848 - 2?
-20a84a
In base 4, what is -10102000 + 1?
-10101333
In base 15, what is -8d2 - 29?
-90b
In base 8, what is 217177 - 4?
217173
In base 6, what is -34030 - 154?
-34224
In base 15, what is -e1c - -14c?
-cc0
In base 6, what is 3105303 - 12?
3105251
In base 6, what is 5 + 152523?
152532
In base 5, what is 4430 - -241?
10221
In base 12, what is -4 - 4a749?
-4a751
In base 15, what is -3 + -361e?
-3622
In base 16, what is -8 + 4453?
444b
In base 16, what is cd + 587?
654
In base 9, what is 270 + 107?
377
In base 9, what is -1 + 31275?
31274
In base 12, what is 12931 - -5?
12936
In base 12, what is 1487 - -12?
1499
In base 4, what is -3 + 23133313?
23133310
In base 5, what is -1022431424 + 1?
-1022431423
In base 12, what is -2 + -7218?
-721a
In base 12, what is -1a + 344a?
3430
In base 4, what is -11 + -222231123?
-222231200
In base 6, what is 14 + -121123?
-121105
In base 10, what is -1171 - -37?
-1134
In base 6, what is -1155135 - -52?
-1155043
In base 7, what is 512 + 22?
534
In base 8, what is 4 - -15746?
15752
In base 8, what is -3400 + 23?
-3355
In base 3, what is -21001110 + -12202?
-21021012
In base 8, what is 161247 - 112?
161135
In base 12, what is -18588 + -5?
-18591
In base 9, what is 36176 - 5?
36171
In base 8, what is 1067507 - 20?
1067467
In base 9, what is 0 + 6662?
6662
In base 11, what is -197115 + -4?
-197119
In base 6, what is 5435 - -2?
5441
In base 6, what is -13003350 + -3?
-13003353
In base 13, what is 51c1a - b?
51c0c
In base 11, what is 742 + 39?
780
In base 10, what is 19 + 64496?
64515
In base 15, what is 1466 + -85?
13d1
In base 16, what is 1dcd - 1b?
1db2
In base 4, what is -20332 + -2300?
-23232
In base 7, what is -101533 - 63?
-101626
In base 3, what is -2102 + 211220212?
211211110
In base 5, what is -213412221 + 4?
-213412212
In base 8, what is -450337 + -4?
-450343
In base 12, what is -5a5 - 52?
-637
In base 8, what is -63662 - -40?
-63622
In base 2, what is 10001000101100 - 11?
10001000101001
In base 6, what is 113 + -2541?
-2424
In base 14, what is 15 - -b92?
ba7
In base 6, what is -11414254 - 1?
-11414255
In base 5, what is -330 - 3130?
-4010
In base 5, what is 302 - -310022?
310324
In base 14, what is -12823 - -69?
-12798
In base 12, what is 1599a + 2?
159a0
In base 9, what is 3115365 + 3?
3115368
In base 11, what is 72a5 - 1?
72a4
In base 6, what is -1211141 + -120?
-1211301
In base 13, what is -13 - 7612?
-7625
In base 14, what is 3dd - 1b?
3c2
In base 9, what is 405 - -8217?
8623
In base 16, what is 2795b + 0?
2795b
In base 13, what is -232 - -18b?
-74
In base 13, what is 9a + -136c?
-12a2
In base 12, what is 2738 - -b?
2747
In base 12, what is 1 - -45a83?
45a84
In base 8, what is 47326 - -2?
47330
In base 7, what is 44012 + 113?
44125
In base 8, what is 410 - 37?
351
In base 12, what is 242b614 + 2?
242b616
In base 11, what is -293419 - -2?
-293417
In base 13, what is -5 + -4718?
-4720
In base 12, what is -4 + -658b?
-6593
In base 4, what is -22 + -2003330?
-2010012
In base 2, what is 0 - -10011101001010?
10011101001010
In base 14, what is -b11 + 4?
-b0b
In base 11, what is 935 + -2285?
-1450
In base 16, what is d3 + -2832?
-275f
In base 9, what is -483 - 147?
-641
In base 16, what is cc - 59?
73
In base 2, what is 10000 + -1101101100000?
-1101101010000
In base 5, what is 1003320 - -13?
1003333
In base 12, what is 1 + 334ab?
334b0
In base 5, what is -1311 + -132?
-1443
In base 14, what is 0 - 2bad0?
-2bad0
In base 2, what is 1010010 - 11101101101110000?
-11101101100011110
In base 4, what is 122031031 + -131?
122030300
In base 7, what is 43 + -10332?
-10256
In base 3, what is -211001011 - -12112?
-210211122
In base 14, what is -12 + -655a?
-656c
In base 9, what is -1687 + -30?
-1727
In base 6, what is -334344 + -5?
-334353
In base 9, what is -576614 + -4?
-576618
In base 5, what is 22443002 + 14?
22443021
In base 13, what is 24a8cc + 5?
24a904
In base 2, what is -10100 + 101111110010?
101111011110
In base 14, what is 877a + 3?
877d
In base 8, what is -424 + -523?
-1147
In base 2, what is -110011000101001010 + 0?
-110011000101001010
In base 10, what is -2 + 149568?
149566
In base 14, what is 47 - 2c?
19
In base 7, what is -316416 - 1?
-316420
In base 3, what is -1021002 + -221?
-1022000
In base 14, what is 20971 - 3?
2096c
In base 10, what is 6 - -19049?
19055
In base 13, what is 40cb7 - 2?
40cb5
In base 15, what is -41b41 - 5?
-41b46
In base 14, what is -369bd3 + -5?
-369bd8
In base 14, what is -9723d + 5?
-97238
In base 14, what is -8845 + -16?
-885b
In base 12, what is 2 - 11779b?
-117799
In base 9, what is 131 - -103?
234
In base 9, what is -3 - 265163?
-265166
In base 10, what is 2882 + -130?
2752
In base 5, what is 3312414 - 4?
3312410
In base 6, what is 103042 - 2?
103040
In base 12, what is -5 + 600b?
6006
In base 10, what is -8 - 135229?
-135237
In base 5, what is -1221 - -21434?
20213
In base 4, what is -131 + 11102331?
11102200
In base 3, what is -10 - -110021102?
110021022
In base 9, what is -2756 - -632?
-2124
In base 12, what is -ab20 - 3?
-ab23
In base 12, what is -10 - -101a5?
10195
In base 16, what is -24 + 6ad5?
6ab1
In base 16, what is 2971 + 41?
29b2
In base 15, what is a + -733a?
-7330
In base 15, what is -a + 800?
7e5
In base 4, what is 1123331 - 3301?
1120030
In base 6, what is -5 + -45020303?
-45020312
In base 7, what is 240 + 206322?
206562
In base 3, what is -1221101011 + -10?
-1221101021
In base 11, what is 6 + 4663?
4669
In base 14, what is 5 - b62b3?
-b62ac
In base 8, what is -13 + 4264?
4251
In base 7, what is -323 + -1036?
-1362
In base 10, what is 641 + 397?
1038
In base 8, what is 3 - 2770614?
-2770611
In base 16, what is 285b + 3?
285e
In base 9, what is 7213370 - 1?
7213368
In base 6, what is -35 - -510350?
510311
In base 8, what is -4 - 161056?
-161062
In base 14, what is 4b9b6